 + 5 + 1?
4
Calculate 7 + -15 - -3 - (-3 - 1).
-1
What is the value of 1 + (-11 - -4) + (1 - -3)?
-2
4 - (5 - 6 - -1)
4
What is the value of 4 - ((5 - 0) + (-27 - -26))?
0
Calculate -6 + 9 + -7 + -3.
-7
What is the value of 13 - (5 - (7 + -6))?
9
(6 - 2 - 2) + 2 - 1
3
What is the value of (6 - 0) + (2 - 8)?
0
Calculate -12 + (1 - -6) + 3.
-2
Evaluate 3 + -11 + (6 - 3).
-5
0 - (15 + 0) - -12
-3
Calculate 6 - 21 - -3 - -15.
3
Calculate 0 + -2 - (-7 - (6 + -5)).
6
What is 7 + (-7 - (0 + -3))?
3
Evaluate -548 + 545 + 1 + (-3 - 0).
-5
(-22 - (-34 + 17)) + 5 + 0
0
Calculate (-15 - -4 - -10) + 7.
6
Calculate 4 - -1 - (3 - (2 - 1)).
3
Calculate 1 + 10 + (-4 - 13).
-6
Calculate 12 + 1 - (9 + (16 - 19)).
7
What is 12 - -2 - 5 - (8 - 3)?
4
-6 + (-8 + 4 - -6) - -1
-3
Evaluate -1 + (-3 - -3) + 2.
1
-6 + (1 - -4) - (2 + -7)
4
What is (-2 - -1) + 4 + (-127 - -118)?
-6
Calculate -4 + 5 + (-5 - -6).
2
What is the value of (716 - 715) + (1 - (1 + -3))?
4
Calculate (-4 - -5) + (2 - (-2 - 0)).
5
Evaluate 2 - -8 - 7 - (0 - -2).
1
What is 4 + (-24 - -28) + (1 - 3)?
6
What is 12 + (2 - (19 + -9))?
4
What is -1 + (6 + -2 + 2 - 3)?
2
What is (-27 - -27) + -6 + 1?
-5
Evaluate -2 + 4 + -3 + 7 + -4.
2
Evaluate 32 - 31 - (-6 + 0).
7
What is the value of (2 - -1) + -5 + 1?
-1
What is 3 + -1 + 7 + 0?
9
(0 - 0) + 1 + (-9 - -9)
1
What is (3 + -4 - 1) + -4 + 3?
-3
What is the value of 0 - (-3 + -5 + 6)?
2
What is the value of 11 - 6 - (1 + 3)?
1
5 + -4 + 2 + -6
-3
What is (-10 - -7) + 9 - 6?
0
Calculate (-3 + 1 - 8) + 4.
-6
5 - (8 - (2 - -2))
1
Evaluate 8 - (4 + 6 + -5).
3
Calculate -4 - ((3 - 4) + -3 - 4).
4
Calculate 0 + (-3 - (1 - 4) - 3).
-3
Calculate -4 - 2 - ((4 - 7) + 2).
-5
Calculate -4 + (-8 + -3 - -9).
-6
Evaluate 9 - (16 - (5 + 1)).
-1
Calculate 12 - 12 - (-3 + 2).
1
Evaluate (-8 - -11 - 0) + (-4 - -2).
1
Evaluate 4 - 5 - (-1 + 4) - 0.
-4
2 + -6 + 6 + 4 + -14
-8
Calculate 2 + (-5 - (3 - 3)).
-3
What is the value of -5 + -3 + (0 - -2) + 2?
-4
What is 1 - (-4 + 15 + (-4 - 1))?
-5
1 + -6 - -1 - 0
-4
Calculate 8 + (6 - (-3 + 13)).
4
Calculate 0 - (-6 - -1 - (-4 + 2)).
3
What is the value of -1 + (-4 - (2 - 4)) + 0?
-3
What is (-7 - (-11 + 2)) + 3 - 7?
-2
Evaluate -103 - -101 - (0 + -1 + 6).
-7
What is -3 - ((-3 - -3) + 2)?
-5
What is the value of 2 + (-3 + 2 - (1 + -5))?
5
Calculate -10 + 11 - 7 - 0.
-6
Evaluate -1 + 7 - (9 - (2 - 3)).
-4
What is -1 + 7 - (4 - -3)?
-1
-1 - 11 - (8 + -13 + -1)
-6
Calculate -7 + (3 - (0 - 2) - 3).
-5
Calculate -17 + 5 - -21 - 9.
0
-2 - (-2 + (8 - 5))
-3
What is the value of 14 + -18 + (-1 - -4)?
-1
4 + (0 - 1 - (2 + -1))
2
What is the value of 8 - 7 - 3 - -8?
6
What is -8 + 0 - (-139 + 129)?
2
What is the value of -6 + (6 - (-6 + 6)) + 6?
6
Calculate (0 + 3 - (-1 + 5)) + -1.
-2
Evaluate -3 + -2 + (0 - (-2 - 5)).
2
Evaluate -16 + 11 - (-9 + 4).
0
Evaluate -3 - (2 + -9 - -1).
3
What is (-3 - -5) + (-4 - (-9 - -9))?
-2
What is 0 + 0 - (5 - 0 - 3)?
-2
Calculate 14 + -2 - (-4 + (-14 - -21)).
9
-6 - (-5 + 5 - 4)
-2
Evaluate (4 - 1) + -40 + 40.
3
Evaluate -3 - ((1 - 7) + (-5 - -4)).
4
What is -4 - (12 + -1 + -11 + 6)?
-10
What is the value of -5 + 1 + 3 + (-1 - -1)?
-1
What is the value of 7 + (-56 + 59 - (6 + -1))?
5
Calculate 0 + 1 + 2 + (5 - 4).
4
Calculate 99 - 94 - (2 - (0 - 4)).
-1
Calculate (-31 - -16 - -13) + 9 + -1.
6
Evaluate (-19 - -6) + 27 + -21.
-7
Evaluate 6 - (-1 + (8 - (2 + 2))).
3
Evaluate -1 + 4 + (-65 - -62).
0
Evaluate -3 + (-3 - (3 + -5)).
-4
What is 218 + -222 - (0 + 0 + -1)?
-3
What is the value of 1 - (0 - -1) - 8?
-8
Calculate 1 - -6 - (62 + -61).
6
(-6 - -13 - 4) + 2
5
(-9 - (-2 - 3)) + 4
0
What is the value of -5 + (-5 - -1) + 4?
-5
Evaluate -2 + 0 - -1 - (84 + -83).
-2
What is the value of -3 + -6 + 15 - 6?
0
What is -5 + (1 - (0 - (0 - -1)))?
-3
Calculate 4 + -12 - -8 - (0 - 2).
2
(25 - 23) + -1 + 2 + -3
0
What is the value of (1 - 1) + (2 + 5 - 4)?
3
What is 0 - (-3 - -4) - 0?
-1
Calculate -6 - 2 - 4 - -6.
-6
What is the value of -5 + 6 + 1 + -7?
-5
What is the value of 7 - (-3 + (13 - 7))?
4
What is the value of 1 - -1 - (5 + (-3 - -2))?
-2
Evaluate 67 - 62 - (1 + -1).
5
Calculate -2 - 0 - (0 + (-2 - -1)).
-1
Evaluate -5 - -3 - 3 - -5.
0
What is 0 + (2 - 6) - -5?
1
What is -15 - -18 - (1 - 1 - -6)?
-3
What is the value of 3 - (8 + -6 + (0 - 3))?
4
-1 + 2 + -5 - (-15 - -11)
0
-5 + (5 - (-3 - -4))
-1
Evaluate -7 + 9 + 6 + -12.
-4
What is -4 - 1 - -11 - (5 - 1)?
2
What is (2 - (-4 - -2)) + -17 + 13?
0
What is 0 - 1 - (1 + -4 + 5)?
-3
Calculate -4 - -6 - -2 - (14 + -5).
-5
What is 4 + (-1 - 2) - 3?
-2
Calculate -1 + 5 - (1 + 5 + 0).
-2
Evaluate 4 + (-1 - 1) + -11 + 12.
3
Calculate 2 + -2 - (0 - (5 + -2)).
3
What is (-79 - -77) + (-1 - (-3 + 2))?
-2
What is (8 - 5) + (0 - 6)?
-3
What is the value of -2 - -2 - (-19 + 11)?
8
Calculate -5 + (-5 + -1 - -6) - -5.
0
What is 3 + 1 - (3 - 6)?
7
What is the value of -3 - (1 - (4 + -6 - 0))?
-6
What is -7 - (8 - (4 - -9))?
-2
Evaluate 7 - (9 - (13 - 8)).
3
What is 14 + -12 - (2 + 1)?
-1
Evaluate (-3 - -4) + 8 + -4 - 5.
0
(-6 - -10) + (-2 - 0)
2
-3 - (2 - (9 + 0))
4
What is 3 + (1 + -2 - (-5 + 2))?
5
Evaluate 2 + -5 - (2 - 3) - 0.
-2
Evaluate -1 - (-1 - 11 - -18).
-7
What is the value of 4 - 0 - (-42 - -48)?
-2
What is the value of (3 - 1) + -7 + 3 - 1?
-3
What is -5 - (4 + -9) - (-1 + 2)?
-1
What is (-2 + 5 - 3) + 2?
2
What is the value of 4 + -9 + 5 + 6?
6
Calculate 3 + (3 - (-2 - -8)).
0
-1 - -10 - (39 + (-25 - -5))
-10
What is the value of -7 - (-4 + (7 - 6) - 2)?
-2
What is the value of 2 + (-2 - 1) - (13 - 12)?
-2
What is -8 + -2 + -2 + (10 - 6)?
-8
Evaluate -13 - (7 - 18) - (1 - -6).
-9
What is 6 - (-5 - -4 - -4)?
3
Calculate 5 + -2 + (0 + -5 - -3).
1
What is the value of -1 + 0 - (3 + 1)?
-5
Evaluate 1 - 10 - -2 - -6.
-1
Evaluate 2 - (-4 - (-11 + 5)).
0
Calculate -21 + 26 + -8 + 0 - -3.
0
What is the value of 1 + 1 - (-4 + -1 - -2)?
5
Evaluate -1 + 7 + (8 + 10 - 13).
11
What is -4 + 0 + (8 - -1)?
5
-2 + 3 + 1 - 1
1
What is the value of 8 - (-2 + (3 - -2))?
5
7 - (2 - 0 - -1)
4
What is the value of -2 + -1 + (6 - (-3 + 2))?
4
-2 - -2 - -1 - -1
2
What is the value of -1 + (-6 - -6) + 5?
4
Evaluate -2 + -1 + 11 + -11.
-3
4 + -1 - (106 + -106)
3
Calculate (-1 + 3 - -1 - 4) + -2.
-3
What is the value of -2 + 4 + -2 + -8 + 0?
-8
6 - -1 - (9 + -2 + -2)
2
Calculate 0 - 6 - (11 + -13 + -7).
3
Calculate 6 - (-6 + 5) - 2.
5
Evaluate 1 + 1 - (-1 + (4 - 0)).
-1
What is -1 + 2 - (5 - 7)?
3
What is the value of 1 - -5 - (99 - 95)?
2
What is the value of -6 + 1 - (3 + -3) - -12?
7
Calculate 2 + 0 + 7 + -14 + 8.
3
Evaluate -9 + 2 + 10 + -7.
-4
What is -35 + 30 + (1 - (-6 - -1))?
1
What is 4 + -10 + 3 + 5?
2
What is -8 + (-6 - 1) + 9?
-6
What is the value of -3 + -4 + 2 + (-3 - -7)?
-1
Evaluate -3 + (-1 - 0) + (-5 - -10).
1
What is -6 + (6 - -1) + 7 + -6?
2
What is -2 + 2 + -2 + 1 + 2?
1
What is -8 + (7 - -7 - 0)?
6
What is -4 - (3 + (-12 - 4 - -7))?
2
Evaluate (-4 + 8 - 6) + 1.
-1
What is -5 + 4 - 6 - (-2 - 3)?
-2
What is the value of 0 - (9 + -4 + -5)?
0
Evaluate -2 - (6 - 5 - (2 - 0)).
-1
What is -7 + (-3 - (-9 + -2))?
1
Evaluate 25 + -25 - (2 + 2 + -10).
6
Evaluate -12 - (-12 + -4 + 7).
-3
(3 - (0 - -4)) + -1
-2
What is 2 + -13 + 6 + 1 + 3?
-1
What is the value of 21 + -22 + -5 + -1 + 3?
-4
Evaluate 3 + -1 - (0 - -1).
1
What is (-1 - -8) + 0 + 1 + -4?
4
What is the value of -9 + 6 + -3 - (1 - 2)?
-5
-4 - (-2 + (-2 - -3)) - -4
1
Calculate -3 + 3 + (1 - (18 - 8)).
-9
Evaluate -1 + -2 + 1 - (-87 - -80).
5
Evaluate 3 + 2 + 0 - 3 - -3.
5
5 + -28 + 21 - (0 - -4)
-6
What is the value of -8 + (5 - (7 - (6 + -3)))?
-7
Calculate (-3 - -13) + 0 + -6 + -3.
1
(2 - 0) + 3 - 1
4
Evaluate ((2 - 1) + -4 - -2) + 4.
3
What is 6 + -1 - (13 + -9)?
1
What is -2 + (-1 - -5 - (12 - 2))?
-8
What is the value of 2 - (0 + 4) - -2?
0
Calculate 2 + 0 + (0 - (3 - 4)).
3
Calculate 0 + (5 - 9) + 0.
-4
Evaluate (-1 - -3) + -1 - (3 - 1).
-1
Calculate 15 - (18 + -8 + -3).
8
What is 2 + (-2 - 3) - (-11 + 15)?
-7
What is -1 + 4 + (-8 - (1 + -6))?
0
Evaluate -2 + -1 - 6 - -6.
-3
Calculate 1 + (3 - (4 - 3 - -1)).
2
What is the value of (-2 - -1) + (15 + -6 - 12)?
-4
Evaluate -13 + 13 + (4 - 12 - -3).
-5
Calculate 0 + 0 + -3 + 2.
-1
5 + -2 + -1 + -2
0
Calculate -2 - (0 + -1) - 4.
-5
What is the value of -3 + (2 - 0 - 4) 